{"id":17,"date":"2017-04-02T15:21:43","date_gmt":"2017-04-02T13:21:43","guid":{"rendered":"http:\/\/www.am-kamin.de\/beta\/?page_id=17"},"modified":"2025-06-08T23:29:09","modified_gmt":"2025-06-08T21:29:09","slug":"startseite","status":"publish","type":"page","link":"https:\/\/www.am-kamin.de\/beta\/","title":{"rendered":""},"content":{"rendered":"\n\n\n\n<h1 class=\"wp-block-heading has-text-align-center\" id=\"herzlich-willkommen\">Herzlich Willkommen<\/h1>\n\n\n\n<p class=\"has-text-align-center\">im Steakhaus&nbsp; &gt;&gt; Am Kamin &lt;&lt; in Altenhof \/ Eckernf\u00f6rde<\/p>\n\n\n\n<p>Wir sind ein gem\u00fctliches und rustikales Steakhaus mit Balkank\u00fcche direkt an der B76 am S\u00fcdstrand.<\/p>\n\n\n\n<p><\/p>\n\n\n\n<p class=\"has-text-align-center\"><em><strong><span style=\"text-decoration: underline;\">Unsere \u00d6ffnungszeiten<\/span><\/strong><\/em><\/p>\n\n\n\n<p class=\"has-text-align-center\"><strong>Montag: Geschlossen<\/strong><\/p>\n\n\n\n<p class=\"has-text-align-center\"><strong>Dienstag-Donnerstag: 17:30&nbsp;\u2013&nbsp;21:30 Uhr<\/strong><\/p>\n\n\n\n<p class=\"has-text-align-center\"><strong>Freitag &#8211; Sonntag:<\/strong> <strong>11:30&nbsp;\u2013&nbsp;14:00 Uhr  &amp; 17:30&nbsp;\u2013&nbsp;21:30 Uhr<\/strong><\/p>\n\n\n\n<p><\/p>\n","protected":false},"excerpt":{"rendered":"<p>Herzlich Willkommen im Steakhaus&nbsp; &gt;&gt; Am Kamin &lt;&lt; in Altenhof \/ Eckernf\u00f6rde Wir sind ein gem\u00fctliches und rustikales Steakhaus mit Balkank\u00fcche direkt an der B76 am S\u00fcdstrand. Unsere \u00d6ffnungszeiten Montag: Geschlossen Dienstag-Donnerstag: 17:30&nbsp;\u2013&nbsp;21:30 Uhr Freitag &#8211; Sonntag: 11:30&nbsp;\u2013&nbsp;14:00 Uhr &amp; 17:30&nbsp;\u2013&nbsp;21:30 Uhr<\/p>\n","protected":false},"author":1,"featured_media":240,"parent":0,"menu_order":0,"comment_status":"closed","ping_status":"closed","template":"page-templates\/sidebar-page.php","meta":{"footnotes":""},"class_list":["post-17","page","type-page","status-publish","has-post-thumbnail","hentry"],"jetpack_shortlink":"https:\/\/wp.me\/P8zV35-h","jetpack_sharing_enabled":true,"publishpress_future_action":{"enabled":false,"date":"2026-05-08 14:46:52","action":"change-status","newStatus":"draft","terms":[],"taxonomy":"","extraData":[]},"publishpress_future_workflow_manual_trigger":{"enabledWorkflows":[]},"_links":{"self":[{"href":"https:\/\/www.am-kamin.de\/beta\/wp-json\/wp\/v2\/pages\/17","targetHints":{"allow":["GET"]}}],"collection":[{"href":"https:\/\/www.am-kamin.de\/beta\/wp-json\/wp\/v2\/pages"}],"about":[{"href":"https:\/\/www.am-kamin.de\/beta\/wp-json\/wp\/v2\/types\/page"}],"author":[{"embeddable":true,"href":"https:\/\/www.am-kamin.de\/beta\/wp-json\/wp\/v2\/users\/1"}],"replies":[{"embeddable":true,"href":"https:\/\/www.am-kamin.de\/beta\/wp-json\/wp\/v2\/comments?post=17"}],"version-history":[{"count":24,"href":"https:\/\/www.am-kamin.de\/beta\/wp-json\/wp\/v2\/pages\/17\/revisions"}],"predecessor-version":[{"id":7799,"href":"https:\/\/www.am-kamin.de\/beta\/wp-json\/wp\/v2\/pages\/17\/revisions\/7799"}],"wp:featuredmedia":[{"embeddable":true,"href":"https:\/\/www.am-kamin.de\/beta\/wp-json\/wp\/v2\/media\/240"}],"wp:attachment":[{"href":"https:\/\/www.am-kamin.de\/beta\/wp-json\/wp\/v2\/media?parent=17"}],"curies":[{"name":"wp","href":"https:\/\/api.w.org\/{rel}","templated":true}]}}

<h1 class="wp-block-heading has-text-align-center" id="herzlich-willkommen">Herzlich Willkommen</h1>



<p class="has-text-align-center">im Steakhaus&nbsp; &gt;&gt; Am Kamin &lt;&lt; in Altenhof / Eckernförde</p>



<p>Wir sind ein gemütliches und rustikales Steakhaus mit Balkanküche direkt an der B76 am Südstrand.</p>



<p></p>



<p class="has-text-align-center"><em><strong><span style="text-decoration: underline;">Unsere Öffnungszeiten</span></strong></em></p>



<p class="has-text-align-center"><strong>Montag: Geschlossen</strong></p>



<p class="has-text-align-center"><strong>Dienstag-Donnerstag: 17:30&nbsp;–&nbsp;21:30 Uhr</strong></p>



<p class="has-text-align-center"><strong>Freitag &#8211; Sonntag:</strong> <strong>11:30&nbsp;–&nbsp;14:00 Uhr  &amp; 17:30&nbsp;–&nbsp;21:30 Uhr</strong></p>



<p></p>

<p>Herzlich Willkommen im Steakhaus&nbsp; &gt;&gt; Am Kamin &lt;&lt; in Altenhof / Eckernförde Wir sind ein gemütliches und rustikales Steakhaus mit Balkanküche direkt an der B76 am Südstrand. Unsere Öffnungszeiten Montag: Geschlossen Dienstag-Donnerstag: 17:30&nbsp;–&nbsp;21:30 Uhr Freitag &#8211; Sonntag: 11:30&nbsp;–&nbsp;14:00 Uhr &amp; 17:30&nbsp;–&nbsp;21:30 Uhr</p>
