{"id":8,"date":"2017-04-02T15:19:07","date_gmt":"2017-04-02T13:19:07","guid":{"rendered":"http:\/\/www.am-kamin.de\/beta\/?page_id=8"},"modified":"2024-08-05T21:07:46","modified_gmt":"2024-08-05T19:07:46","slug":"impressum","status":"publish","type":"page","link":"https:\/\/www.am-kamin.de\/beta\/impressum\/","title":{"rendered":"Impressum"},"content":{"rendered":"<dl class=\"imprint-address\">\n<dt>Restaurant und Steak-Haus &gt;&gt; Am Kamin &lt;&lt;<\/dt>\n<dt><\/dt>\n<dt><\/dt>\n<dt><span class=\"palette-color4-4\">Stra\u00dfe: Am Bahnhof 2<\/span><\/dt>\n<dt><span class=\"palette-color4-4\">PLZ und Ort: 24340 Altenhof \/ Eckernf\u00f6rde<\/span><\/dt>\n<dt><span class=\"palette-color4-4\">Tel.: 04351 \/ 44469 &#8211; 04351 \/ 44499<\/span><\/dt>\n<dt><span class=\"palette-color4-4\">\u00a0<\/span><\/dt>\n<dt><span class=\"palette-color4-4\">E-Mail:\u00a0<span class=\"escape link\">info@am-kamin.de<\/span><\/span><\/dt>\n<dt><span class=\"palette-color4-4\">Internet:\u00a0<span class=\" link\">www.am-kamin.de<\/span><\/span><\/dt>\n<dt><\/dt>\n<\/dl>\n<dl class=\"imprint-business\">\n<dt><\/dt>\n<dt><span class=\"palette-color4-4\">Rechtsform: Einzelunternehmen<\/span><\/dt>\n<dt><span class=\"palette-color4-4\">Inhaber: Herr Dejan Delic<\/span><\/dt>\n<dt><span class=\"palette-color4-4\">Aufsichtsbeh\u00f6rde: Veterin\u00e4r- und Gesundheitsamt Eckernf\u00f6rde<\/span><\/dt>\n<dt><span class=\"palette-color4-4\">Kammer: Industrie und Handelskammer, Kiel<\/span><\/dt>\n<dt>Steuernummer 29\/032\/01060 beim Finanzamt Eckernf\u00f6rde<\/dt>\n<dt><\/dt>\n<dt><\/dt>\n<\/dl>\n<h3 id=\"datenschutz\"><span class=\"palette-color4-4\">Datenschutzhinweis<\/span><\/h3>\n<p><span class=\"palette-color4-4\">Wir erheben, verarbeiten und nutzen Ihre Daten nur im Rahmen der gesetzlichen Bestimmungen. Diese Datenschutzerkl\u00e4rung gilt ausschlie\u00dflich f\u00fcr die Nutzung der von uns angebotenen Webseiten. Sie gilt nicht f\u00fcr die Webseiten anderer Dienstanbieter, auf die wir lediglich durch einen Link verweisen.<\/span><br \/>\n<span class=\"palette-color4-4\">Bei der Nutzung unserer Webseiten bleiben Sie anonym, solange Sie uns nicht von sich aus freiwillig personenbezogene Daten zur Verf\u00fcgung stellen.<\/span><br \/>\n<span class=\"palette-color4-4\">Personenbezogene Daten werden nur dann erhoben, wenn dies f\u00fcr die Nutzung der auf der Webseite angebotenen Leistungen, insbesondere Formularangebote, erforderlich ist. Wir werden die von Ihnen zur Verf\u00fcgung gestellten Daten streng vertraulich behandeln.<\/span><br \/>\n<span class=\"palette-color4-4\">Ohne Ihre ausdr\u00fcckliche Einwilligung geben wir keine pers\u00f6nlichen Daten weiter, es sei denn, dass wir rechtlich dazu verpflichtet sind. Wir weisen jedoch darauf hin, dass es bei der \u00dcbermittlung von Daten im Internet immer dazu kommen kann, dass Dritte Ihre Daten zur Kenntnis nehmen oder verf\u00e4lschen. Sofern Sie es von uns verlangen, gew\u00e4hren wir Ihnen Einblick in die \u00fcber Sie gespeicherten Daten, beziehungsweise l\u00f6schen diese.\u00a0<\/span><br \/>\n<span class=\"palette-color4-4\">Wenn Sie Daten berichtigen, l\u00f6schen oder einsehen wollen, gen\u00fcgt hierf\u00fcr ein Schreiben an die im Impressum angegebene Adresse. Im Rahmen der Benachrichtigung unserer Kunden \u00fcber Produktneuheiten, etc. senden wir Ihnen Emails nur zu, sofern Sie uns Ihre Emailadresse zur Verf\u00fcgung stellen.<\/span><\/p>\n<h3><span class=\"palette-color4-4\">Verwendung von Plugins<\/span><\/h3>\n<p><span class=\"palette-color4-4\">Diese Website verwendet den &#8222;Gef\u00e4llt mir&#8220; Button (Plugins) des sozialen Netzwerkes Facebook Inc<\/span><span class=\"palette-color4-4\">.\u00a0(<\/span><span class=\"palette-color4-4\">facebook.com<\/span><span class=\"palette-color4-4\">)<\/span><span class=\"palette-color4-4\">. Dieser ist als solcher gekennzeichnet. Wenn Sie diese Webseite aufrufen, baut Ihr Browser eine direkte Verbindung mit den Servern von Facebook auf. Der Inhalt des Plugins wird von Facebook direkt an Ihren Browser \u00fcbermittelt und von diesem in die Webseite eingebunden. Durch die Einbindung der Plugins erh\u00e4lt Facebook die Information, dass Sie die entsprechende Seite unseres Internetauftritts aufgerufen haben. Sind Sie bei Facebook eingeloggt kann Facebook den Besuch Ihrem Facebook-Konto zuordnen. Wenn Sie mit den Plugins interagieren, zum Beispiel den &#8222;Gef\u00e4llt mir&#8220; Button bet\u00e4tigen oder einen Kommentar abgeben, wird die entsprechende Information von Ihrem Browser direkt an Facebook \u00fcbermittelt und dort gespeichert. Zweck und Umfang der Datenerhebung und die weitere Verarbeitung und Nutzung der Daten durch Facebook sowie Ihre diesbez\u00fcglichen Rechte und Einstellungsm\u00f6glichkeiten zum Schutz Ihrer Privatsph\u00e4re entnehmen Sie bitte den Facebook Datenschutzrichtlinie<\/span><span class=\"palette-color4-4\">n (<\/span><span class=\"palette-color4-4\"><span class=\" link\">www.facebook.com\/policy.php<\/span>)\u00a0.\u00a0Wenn Sie nicht m\u00f6chten, dass Facebook \u00fcber unseren Internetauftritt Daten \u00fcber Sie sammelt, m\u00fcssen Sie sich vor Ihrem\u00a0<\/span><span class=\"palette-color4-4\">Besuch unseres Intern<\/span><span class=\"palette-color4-4\">etauftritts bei Facebook ausloggen.<\/span><\/p>\n","protected":false},"excerpt":{"rendered":"<p>Restaurant und Steak-Haus &gt;&gt; Am Kamin &lt;&lt; Stra\u00dfe: Am Bahnhof 2 PLZ und Ort: 24340 Altenhof \/ Eckernf\u00f6rde Tel.: 04351 \/ 44469 &#8211; 04351 \/ 44499 \u00a0 E-Mail:\u00a0info@am-kamin.de Internet:\u00a0www.am-kamin.de Rechtsform: Einzelunternehmen Inhaber: Herr Dejan Delic Aufsichtsbeh\u00f6rde: Veterin\u00e4r- und Gesundheitsamt Eckernf\u00f6rde Kammer: Industrie und Handelskammer, Kiel Steuernummer 29\/032\/01060 beim Finanzamt Eckernf\u00f6rde Datenschutzhinweis Wir erheben, verarbeiten und [&hellip;]<\/p>\n","protected":false},"author":1,"featured_media":240,"parent":0,"menu_order":0,"comment_status":"closed","ping_status":"closed","template":"","meta":{"footnotes":""},"class_list":["post-8","page","type-page","status-publish","has-post-thumbnail","hentry"],"jetpack_shortlink":"https:\/\/wp.me\/P8zV35-8","jetpack_sharing_enabled":true,"publishpress_future_action":{"enabled":false,"date":"2026-05-07 15:37:41","action":"change-status","newStatus":"draft","terms":[],"taxonomy":"","extraData":[]},"publishpress_future_workflow_manual_trigger":{"enabledWorkflows":[]},"_links":{"self":[{"href":"https:\/\/www.am-kamin.de\/beta\/wp-json\/wp\/v2\/pages\/8","targetHints":{"allow":["GET"]}}],"collection":[{"href":"https:\/\/www.am-kamin.de\/beta\/wp-json\/wp\/v2\/pages"}],"about":[{"href":"https:\/\/www.am-kamin.de\/beta\/wp-json\/wp\/v2\/types\/page"}],"author":[{"embeddable":true,"href":"https:\/\/www.am-kamin.de\/beta\/wp-json\/wp\/v2\/users\/1"}],"replies":[{"embeddable":true,"href":"https:\/\/www.am-kamin.de\/beta\/wp-json\/wp\/v2\/comments?post=8"}],"version-history":[{"count":3,"href":"https:\/\/www.am-kamin.de\/beta\/wp-json\/wp\/v2\/pages\/8\/revisions"}],"predecessor-version":[{"id":7771,"href":"https:\/\/www.am-kamin.de\/beta\/wp-json\/wp\/v2\/pages\/8\/revisions\/7771"}],"wp:featuredmedia":[{"embeddable":true,"href":"https:\/\/www.am-kamin.de\/beta\/wp-json\/wp\/v2\/media\/240"}],"wp:attachment":[{"href":"https:\/\/www.am-kamin.de\/beta\/wp-json\/wp\/v2\/media?parent=8"}],"curies":[{"name":"wp","href":"https:\/\/api.w.org\/{rel}","templated":true}]}}

<dl class="imprint-address">
<dt>Restaurant und Steak-Haus &gt;&gt; Am Kamin &lt;&lt;</dt>
<dt></dt>
<dt></dt>
<dt><span class="palette-color4-4">Straße: Am Bahnhof 2</span></dt>
<dt><span class="palette-color4-4">PLZ und Ort: 24340 Altenhof / Eckernförde</span></dt>
<dt><span class="palette-color4-4">Tel.: 04351 / 44469 &#8211; 04351 / 44499</span></dt>
<dt><span class="palette-color4-4"> </span></dt>
<dt><span class="palette-color4-4">E-Mail: <span class="escape link">info@am-kamin.de</span></span></dt>
<dt><span class="palette-color4-4">Internet: <span class=" link">www.am-kamin.de</span></span></dt>
<dt></dt>
</dl>
<dl class="imprint-business">
<dt></dt>
<dt><span class="palette-color4-4">Rechtsform: Einzelunternehmen</span></dt>
<dt><span class="palette-color4-4">Inhaber: Herr Dejan Delic</span></dt>
<dt><span class="palette-color4-4">Aufsichtsbehörde: Veterinär- und Gesundheitsamt Eckernförde</span></dt>
<dt><span class="palette-color4-4">Kammer: Industrie und Handelskammer, Kiel</span></dt>
<dt>Steuernummer 29/032/01060 beim Finanzamt Eckernförde</dt>
<dt></dt>
<dt></dt>
</dl>
<h3 id="datenschutz"><span class="palette-color4-4">Datenschutzhinweis</span></h3>
<p><span class="palette-color4-4">Wir erheben, verarbeiten und nutzen Ihre Daten nur im Rahmen der gesetzlichen Bestimmungen. Diese Datenschutzerklärung gilt ausschließlich für die Nutzung der von uns angebotenen Webseiten. Sie gilt nicht für die Webseiten anderer Dienstanbieter, auf die wir lediglich durch einen Link verweisen.</span><br />
<span class="palette-color4-4">Bei der Nutzung unserer Webseiten bleiben Sie anonym, solange Sie uns nicht von sich aus freiwillig personenbezogene Daten zur Verfügung stellen.</span><br />
<span class="palette-color4-4">Personenbezogene Daten werden nur dann erhoben, wenn dies für die Nutzung der auf der Webseite angebotenen Leistungen, insbesondere Formularangebote, erforderlich ist. Wir werden die von Ihnen zur Verfügung gestellten Daten streng vertraulich behandeln.</span><br />
<span class="palette-color4-4">Ohne Ihre ausdrückliche Einwilligung geben wir keine persönlichen Daten weiter, es sei denn, dass wir rechtlich dazu verpflichtet sind. Wir weisen jedoch darauf hin, dass es bei der Übermittlung von Daten im Internet immer dazu kommen kann, dass Dritte Ihre Daten zur Kenntnis nehmen oder verfälschen. Sofern Sie es von uns verlangen, gewähren wir Ihnen Einblick in die über Sie gespeicherten Daten, beziehungsweise löschen diese. </span><br />
<span class="palette-color4-4">Wenn Sie Daten berichtigen, löschen oder einsehen wollen, genügt hierfür ein Schreiben an die im Impressum angegebene Adresse. Im Rahmen der Benachrichtigung unserer Kunden über Produktneuheiten, etc. senden wir Ihnen Emails nur zu, sofern Sie uns Ihre Emailadresse zur Verfügung stellen.</span></p>
<h3><span class="palette-color4-4">Verwendung von Plugins</span></h3>
<p><span class="palette-color4-4">Diese Website verwendet den &#8222;Gefällt mir&#8220; Button (Plugins) des sozialen Netzwerkes Facebook Inc</span><span class="palette-color4-4">. (</span><span class="palette-color4-4">facebook.com</span><span class="palette-color4-4">)</span><span class="palette-color4-4">. Dieser ist als solcher gekennzeichnet. Wenn Sie diese Webseite aufrufen, baut Ihr Browser eine direkte Verbindung mit den Servern von Facebook auf. Der Inhalt des Plugins wird von Facebook direkt an Ihren Browser übermittelt und von diesem in die Webseite eingebunden. Durch die Einbindung der Plugins erhält Facebook die Information, dass Sie die entsprechende Seite unseres Internetauftritts aufgerufen haben. Sind Sie bei Facebook eingeloggt kann Facebook den Besuch Ihrem Facebook-Konto zuordnen. Wenn Sie mit den Plugins interagieren, zum Beispiel den &#8222;Gefällt mir&#8220; Button betätigen oder einen Kommentar abgeben, wird die entsprechende Information von Ihrem Browser direkt an Facebook übermittelt und dort gespeichert. Zweck und Umfang der Datenerhebung und die weitere Verarbeitung und Nutzung der Daten durch Facebook sowie Ihre diesbezüglichen Rechte und Einstellungsmöglichkeiten zum Schutz Ihrer Privatsphäre entnehmen Sie bitte den Facebook Datenschutzrichtlinie</span><span class="palette-color4-4">n (</span><span class="palette-color4-4"><span class=" link">www.facebook.com/policy.php</span>) . Wenn Sie nicht möchten, dass Facebook über unseren Internetauftritt Daten über Sie sammelt, müssen Sie sich vor Ihrem </span><span class="palette-color4-4">Besuch unseres Intern</span><span class="palette-color4-4">etauftritts bei Facebook ausloggen.</span></p>

<p>Restaurant und Steak-Haus &gt;&gt; Am Kamin &lt;&lt; Straße: Am Bahnhof 2 PLZ und Ort: 24340 Altenhof / Eckernförde Tel.: 04351 / 44469 &#8211; 04351 / 44499   E-Mail: info@am-kamin.de Internet: www.am-kamin.de Rechtsform: Einzelunternehmen Inhaber: Herr Dejan Delic Aufsichtsbehörde: Veterinär- und Gesundheitsamt Eckernförde Kammer: Industrie und Handelskammer, Kiel Steuernummer 29/032/01060 beim Finanzamt Eckernförde Datenschutzhinweis Wir erheben, verarbeiten und [&hellip;]</p>
